= 3*b**2 - 8*b. What is the tens digit of j(g)?
1
Let x = 7231 + -5045. What is the tens digit of x?
8
Suppose 4*t - 87 = -d, 5*t + 3 = 2*t. Let v = 187 + -116. Suppose 3*j + j + 3*a = d, 3*j = -5*a + v. What is the tens digit of j?
2
Suppose 13*j + 10*j = 12374. What is the units digit of j?
8
Suppose 23*d + 0*d - 18147 = 0. What is the units digit of d?
9
Suppose 3*c + 9953 = 7*l - 2*l, 2*c = -2*l + 3978. Suppose 346 + l = 8*i. What is the tens digit of i?
9
Suppose -4*p + 4 + 0 = -x, 4*x - 2*p + 2 = 0. Suppose t - 4*t - 9 = x, -3*t = 2*u - 141. What is the tens digit of u?
7
Let r = 1807 - 805. What is the units digit of r?
2
Suppose -2*s = 5*c - 10506 + 1031, -3*c = s - 5685. What is the thousands digit of c?
1
Let o(v) = -1 + 1 + 6*v**2 + 7*v + 3 + v**3. Let c be o(-5). Let a(f) = f**2 + 4*f - 1. What is the units digit of a(c)?
0
Suppose 87622 = 47*f + 4479. What is the hundreds digit of f?
7
Let r(x) = 3*x**2 + 2*x + 6. Let u be r(-9). Suppose -3*s + u = 5*p, -p = 4*p - 15. Suppose -4*o + o + s = 0. What is the units digit of o?
4
Let f be 255/34*(-16)/3. Let l = -24 - f. What is the tens digit of l?
1
Suppose 0 = 50*a - 41*a - 21357. What is the units digit of a?
3
Let a(b) = b**3 - 7*b**2 - 14*b - 13. Let r = 46 + -37. What is the units digit of a(r)?
3
Let f(o) = o**3 + 11*o**2 + 8*o - 20. Let j(h) = -3*h**2 - 2*h - 1. Let r be j(-2). What is the tens digit of f(r)?
7
What is the hundreds digit of (2733/(-5))/(273/(-455))?
9
Let a = -5 - -14. Let m = a - 13. What is the units digit of 12/(m/4*-1)?
2
Let l be 3/6*6 + -3. Let b(z) = -2*z - 44. Let q be b(l). Let m = 79 + q. What is the tens digit of m?
3
Suppose 4*n - x + 3 = 1, 2*n = 2*x - 4. Suppose n = 2*p - 257 - 23. What is the units digit of p?
0
Let u = -861 + 1440. What is the units digit of u?
9
Suppose 0 = 71*w - 54*w - 37179. What is the units digit of w?
7
Suppose -o + 3 = 2. Suppose o = -n + 4, 2*b - 7 = -n. Suppose 0 = -b*v - 0*v + 18. What is the units digit of v?
9
Suppose -266 = -3*w - 5*c, c = -w + 72 + 20. Suppose -2*g + 37 + w = 0. Suppose -3 = 2*o - g. What is the units digit of o?
2
What is the units digit of -5 + 51/9 - (-5538)/9?
6
Let f = -432 + 840. What is the hundreds digit of f?
4
Let c(i) = i**2 + 5*i + 6. Let b be c(-4). Suppose b*w = 55 + 173. What is the hundreds digit of w?
1
Suppose -33 = -3*p + 54. Suppose -d - p = -3*d + 5*r, 4 = -3*d - 2*r. Suppose 3*o - 4*g - 35 = 75, d*o + g = 55. What is the tens digit of o?
3
Let a(v) = v**3 - 5*v**2 - 17*v + 43. What is the tens digit of a(11)?
8
Let q be (-17)/(-4) - (-5)/(-20). Suppose -3*h = -3*b + 84, 0*h + q = 4*h. What is the units digit of b?
9
Suppose -2 = 2*j, -u + j = -j - 616. What is the hundreds digit of u?
6
Let i(y) = y**2 - 3*y - 1. Let h be i(5). Let g be 666/h*(-2)/(-4). What is the units digit of ((-1)/(-1) - -1) + g?
9
Let a = 26 - 11. What is the units digit of ((-114)/a)/((-6)/60)?
6
Let l(d) = -11*d + 71. Let p(s) = 6*s - 35. Let c(m) = -2*l(m) - 5*p(m). What is the tens digit of c(-12)?
2
Suppose 4*a = -b - 0*b + 2440, -4*b - 1220 = -2*a. What is the units digit of a?
0
Suppose 60*g - 46405 - 41495 = 0. What is the tens digit of g?
6
Let u(n) = 61*n**2 - 3*n - 2. Suppose 22 = -2*g + 20. What is the units digit of u(g)?
2
Let t = -18 - -8. Let i(l) = -l + 4. What is the units digit of i(t)?
4
Let v be (-16)/(-136) + 13630/34. Suppose -s + 45 = -2*z - 32, 2*z + v = 5*s. What is the units digit of s?
1
Let s = 2075 + -896. What is the thousands digit of s?
1
Suppose -2*x + 4*l = -5350, -5*x - 289*l + 13410 = -292*l. What is the hundreds digit of x?
6
Let c(v) = 8*v + 3. Let r be c(4). Suppose 3*h - 40 = r. What is the units digit of h?
5
Suppose s - 2*r + 3 = 1, 3*s - 2*r + 2 = 0. What is the hundreds digit of (s + 0 - 4) + 154?
1
Suppose -118*d + 17680 = -113*d. What is the thousands digit of d?
3
What is the hundreds digit of (-1662)/(-12)*(-9)/(9/(-2))?
2
Let q(x) = -9*x - 2. Let y(p) = p**2 + 8*p - 10. Let b be y(-9). Let o be q(b). Suppose 0 = 2*u - o*u + 30. What is the units digit of u?
6
Let i(x) = -105*x**3 - 14*x - 21. What is the tens digit of i(-2)?
4
Suppose -2*d + 623 + 1602 = 5*r, -2*r + 2*d = -904. What is the tens digit of r?
4
Let k(d) = 16*d**2 - 5*d + 4. Let i be k(3). Let v = 294 - i. What is the units digit of v?
1
Suppose -21*a = -29*a + 2800. What is the tens digit of a?
5
Let z = 59 - 19. Suppose z + 290 = 5*k. Suppose -k = -4*o + 3*i, 5*o = -i + 14 + 59. What is the tens digit of o?
1
Suppose -l + 9 = 4. Suppose -6*d + l*d + 58 = 0. What is the tens digit of d?
5
Let h(p) = -p**2 + 2*p - 1. Let q be h(1). Suppose 0 = -o - 4*m - q*m + 1, 0 = 3*o + m - 25. What is the units digit of o?
9
Let p = -55 - -77. Let t be 2/7 - (-14)/(-49). Suppose t = -2*v + r + p, 2*v + v - r - 34 = 0. What is the units digit of v?
2
Let x(g) = g**3 + 2*g + 3. Let p = -9 - -12. Let y be x(p). Let b = 56 - y. What is the tens digit of b?
2
Let k be 4 + -1 - (-4 - -9). Let l be 385/(-14) + k/4. Let r = l - -30. What is the units digit of r?
2
Suppose 136 - 526 = -10*i. Suppose -i = -2*d + 149. What is the units digit of d?
4
Suppose 2*q - 2*l = 10, -2*l + 1 = q + l. Suppose 16 = -0*u + q*u. Suppose 0 = 3*j + u*a - 50, -2*j + 3*a - 2*a + 48 = 0. What is the units digit of j?
2
Suppose -m + 3*r + 10 = -7, 3*m - 3*r - 27 = 0. Suppose m*u - 4 - 16 = g, u - 4 = 5*g. Suppose -i - 3*x = -6, u*i + x = 5*x + 8. What is the units digit of i?
3
Let j(w) = -167*w**3 - 2*w**2 - 2*w - 1. What is the units digit of j(-1)?
6
Let o = 29 - 22. Suppose 14*j = o*j + 567. What is the units digit of j?
1
Suppose 0 = -5*k - k + 12. Suppose -k*u - 134 = -4*u. What is the tens digit of u?
6
Suppose -391 = 11*k + 632. Let y = 157 + k. What is the tens digit of y?
6
Let r be 1454/14 + ((-27)/7 - -4). Let v = -100 + r. What is the units digit of v?
4
Suppose x - 4*g - 5 = 0, 5*g = 3*g + 2. Suppose x*t = -t + 660. What is the units digit of t?
6
Let a = -959 + 2062. What is the units digit of a?
3
Let f(c) be the first derivative of -3/2*c**2 + 4 - 4*c. What is the tens digit of f(-7)?
1
Let l = 3465 - 2249. What is the thousands digit of l?
1
Let v(l) be the first derivative of -l**3/3 + 2*l**2 + l - 1. Let r be 5 + (4/(-6) - (-4)/(-3)). What is the units digit of v(r)?
4
Let y = -20 + 25. Suppose 0*p - 4*p + 164 = -4*k, 4*p - 137 = -y*k. What is the units digit of p?
8
Let o be 3/(-1)*(0 - 1). Suppose 2*q + o*q = 0. Suppose -3*w - 2*h + 52 = q, 20 = w + 4*h - 14. What is the units digit of w?
4
Suppose -3*l = 19*s - 14*s + 186, 4*l = 3*s - 248. Let b be 1/1 - (-86)/1. Let z = b + l. What is the units digit of z?
5
Let u(a) = 25*a**2 + 1. Let l = 1 - 0. Let x be u(l). Let p = 48 - x. What is the units digit of p?
2
What is the units digit of (-5002)/(-16) + 66/176?
3
Let o(j) = 302*j - 182. What is the tens digit of o(7)?
3
Suppose -12*d = -5*d - 3416. Suppose 0 = -4*t + l + d, -5*t + 690 = -5*l + 80. What is the hundreds digit of t?
1
Let a = -31 - -22. Let x(d) = -2*d**2 - 15*d + 4. Let o(i) = i**2 + 8*i - 2. Let l(h) = a*o(h) - 4*x(h). What is the tens digit of l(-10)?
2
Let l(v) = -v**3 - 6*v**2 - 3*v + 4. Let x be l(-6). Let w be 2 + -2 - x/(-1). Suppose 2*s - 4*s = -2*f - w, -5*f = 5*s - 15. What is the units digit of s?
7
Let o be (-2)/(-7) + 906/14. Suppose -4 = -u + o. What is the units digit of u?
9
Let o be (-9)/(-5) + -3*(-1)/15. What is the units digit of (0 - (-1)/o)*362?
1
Let p = -24 - -38. Let w = -10 + p. Suppose 9 = u + n - w, -n - 37 = -4*u. What is the tens digit of u?
1
Suppose -53 = 3*n - 290. Let g = n + -43. What is the tens digit of g?
3
Let h(k) = 14*k + 4. Let y be (8/18)/(6/27). What is the units digit of h(y)?
2
Suppose 5*a - 31 + 16 = 0, 0 = 3*l - 5*a - 10950. What is the hundreds digit of l?
6
Suppose 3*g + 4*a - 2*a - 14 = 0, -2*g + 8 = a. Let f be (-14)/g*4/(-14). Suppose -2*k - 3 = -3*r, f*k = 4*r - 4 - 2. What is the units digit of r?
3
Suppose 41*v - m - 572 = 36*v, 0 = 5*m + 10. What is the units digit of v?
4
What is the hundreds digit of (-26046)/(-39) + 8*(-5)/(-260)?
6
What is the units digit of (-42382)/(-10) + (-31)/155?
8
What is the tens digit of (-42)/(-28)*102/9?
1
Suppose -17 = 4*t - 37. What is the tens digit of ((-1110)/24 - t)*8/(-2)?
0
Let u(i) = 33*i + 7 + 26